ppose 3*k - 413 = 5*h, 4*h + 9 = -7. Suppose -73 = -4*a + k. What is the tens digit of a?
5
Suppose 3*q = -127 + 13. Let f = q + 75. What is the tens digit of f?
3
Let s = 728 + -740. Let p(u) be the third derivative of u**6/120 + 13*u**5/60 + 3*u**4/8 + 8*u**3/3 + u**2. What is the tens digit of p(s)?
5
Suppose 4*l = -2*i - 84, 3*i + 50 = -2*l + 4*i. Let m = 20 + l. What is the tens digit of (-4 - m)/((-2)/58)?
2
Let h be 27/6*10/(-15). What is the tens digit of -3*(53/(-3) - h)?
4
Let x = -13 - 0. Let t = 13 + x. Suppose -w + t = -3. What is the units digit of w?
3
Suppose -3*s - 54 = 5*m + 96, 4*m + 3*s + 117 = 0. Let a = -16 - m. What is the tens digit of a?
1
Let f(k) = 27*k**2 - 1. Let l = -6 - -11. Suppose 3 - l = 2*p. What is the units digit of f(p)?
6
Let h = -49 - -72. Let l = h - 18. Suppose -3*a + l*t = -34, -t + 1 - 3 = 0. What is the units digit of a?
8
Suppose t + 103 = 5*x, -2*x + 11 = 2*t - 23. What is the tens digit of x?
2
Suppose 0 = 5*d - 2*u + 49, -3*d - 2*d = -5*u + 55. Let k = 7 + d. What is the units digit of -1 - 2/(k + 1)?
1
Suppose -87 - 33 = -4*k. Let a = k - 69. Let o = a + 70. What is the units digit of o?
1
Suppose 2*u - 6*u - 40 = 0. What is the units digit of -10*(u + 5 + -2)?
0
Suppose n - 30 - 42 = 0. Suppose -15*a = -17*a + n. What is the tens digit of a?
3
Suppose -13 = -4*k + 3*o, -k + 5*o - 18 = -0*k. Let m = 4 - k. What is the units digit of (3/(-9))/(m/234)?
6
Suppose -4*n = c - 36, 5*c - 7*n = -4*n + 295. What is the units digit of c?
6
Let k(h) be the first derivative of h**4/4 - 4*h**3/3 + 5*h**2/2 + 14*h - 6. What is the hundreds digit of k(8)?
3
Let l(k) = -k + 14. Let f be l(8). Let i = f - 14. Let d(n) = n**2 + 5*n - 12. What is the units digit of d(i)?
2
Suppose -4*p + 8 = -8. Suppose -p*n + 6*n = 130. Let o = n + -2. What is the units digit of o?
3
Let x(l) = l**3 + 9*l**2 - 4*l - 6. Let w be x(-6). Let g = -46 + w. What is the units digit of g?
0
Let d = -38 + 43. Suppose 4*p - 13 = -5*a + 24, -4*p + d*a + 27 = 0. What is the units digit of p?
8
Suppose -25 = b + l, 3*b + 66 = 2*l - 34. Let m = 53 - b. What is the tens digit of m?
8
Let n(h) = -7*h**3 + 9*h**3 - h**3 - 3*h**2 + 3 - 4*h. Let o be n(5). What is the units digit of o/7 - 8/(-28)?
5
Let j(h) = -h - 5. Let s be j(-9). Let x(f) = -f**2 + 2*f - 4. Let t be x(s). What is the units digit of t/18 - 104/(-3)?
4
Suppose 0 = -2*f - 0*f + 8. Suppose 52 = 4*z + f*o, -2*z - 30 = -4*z - 3*o. Suppose 4*x - z*x + 135 = 0. What is the units digit of x?
7
Let o(f) = 9*f**3 - f**2 - 3*f - 1. Let u be o(-2). Let v = u - -121. What is the units digit of v?
0
Let z be 4/(8/(-277))*2. Let y = z + 397. Let p = -64 + y. What is the units digit of p?
6
Suppose 3*i = -0*i + 102. Let b be ((-84)/63)/((-5)/(-6) - 1). Let s = i - b. What is the units digit of s?
6
Suppose 2*q + 12*q = -70. Suppose -3*g - 43 + 4 = 0. Let t = q - g. What is the units digit of t?
8
Let w be 6/(-39) - 2*1226/(-52). Let u = w - 29. What is the units digit of u?
8
Suppose -4*b - 3458 = -3*o, -3*o - 9*b + 3433 = -8*b. What is the units digit of o?
6
Suppose -40 + 145 = 7*w. Suppose -w*s - 987 = -22*s. What is the hundreds digit of s?
1
Suppose 6*v - 4710 + 1176 = 0. What is the hundreds digit of v?
5
Suppose -v = -3*s + 319 - 127, -2*s = -4*v - 128. What is the tens digit of s?
6
Let k be (10/(-3))/((-13)/78). Suppose -3*v - g + k + 10 = 0, -4*v = 3*g - 40. What is the units digit of (-2)/(-4) - (-75)/v?
8
Let f(m) = 153*m**2 - 10*m + 18. Let z be f(3). Suppose 4*u + w + 0*w = 1083, -5*u = 5*w - z. What is the tens digit of u?
7
Suppose 4*l + 1668 = 2*y, -3685 = -4*y + 3*l - 324. What is the tens digit of y?
4
Let g(z) = 7*z**3 - z**2 + z - 1. Let m be g(1). Suppose 0 = -v + 4*v - m. Suppose -v*h = -3*h + 27. What is the units digit of h?
7
What is the tens digit of 12716/3 + 0 + 562/(-843)?
3
Suppose 55*m - 13618 = -3608. What is the hundreds digit of m?
1
Let h = -28 - -20. Let d be 10 + (1 - (-15)/(-3)) + 96. What is the tens digit of (d/(-4))/(3/h)?
6
Suppose 5*i + 111 = a + 37, 3*i = 0. What is the units digit of a?
4
Let h be 6/9 + (-92)/3. Let w = h + 35. Suppose 4*o + 6*f - 84 = 2*f, 9 = o + w*f. What is the units digit of o?
4
Suppose 13*j - 10*j = -2*b + 11093, 11096 = 3*j + 5*b. What is the units digit of j?
7
Let r = -100 - -171. What is the tens digit of r?
7
Let t = 35 - 31. Suppose t*v = -v + 185. What is the units digit of v?
7
Let j = 100 + -65. What is the tens digit of j?
3
Let n = -8 - -8. Suppose i - 5*t - 2 = 0, 3*i - t + 5*t + 32 = n. Let v(a) = -a + 10. What is the units digit of v(i)?
8
Let d = 4749 - 2218. What is the thousands digit of d?
2
Let y(b) be the third derivative of -b**6/40 + b**5/60 + b**4/24 - b**3/6 - 4*b**2. Let a be y(1). Let l = a + 3. What is the units digit of l?
1
Let i = 3635 - 1910. What is the hundreds digit of i?
7
Let l(g) = -g**2 + 7*g. Let q be l(4). Suppose 0 = 3*y - 5*j - 12, y - 5 = -2*j - 1. Suppose -4*i - q = 0, -i - y*i - 160 = -5*t. What is the tens digit of t?
2
Let i = 813 - 514. What is the units digit of i?
9
Let t = -38 - -12. Let d = -17 - t. Let y(o) = 2*o + 18. What is the units digit of y(d)?
6
Let m(k) = 126*k - 6. Let q be m(2). Suppose -7*a = -a - q. What is the units digit of a?
1
Suppose 11*m - 8*m + 360 = 0. Let a = -18 - m. What is the hundreds digit of a?
1
Let d(z) = z**2 + 24*z + 157. What is the units digit of d(-16)?
9
What is the hundreds digit of (15/(-9))/(0 - 2/330)?
2
Let v(q) = q**3 + q**2 + 3*q - 3. Let d(u) = u**3 + 6*u**2 - u - 4. Let z be 18/8*(-16)/6. Let s be d(z). What is the units digit of v(s)?
5
Suppose 0 = -3*n - 4*a + 482, -n = -4*a + 5*a - 159. What is the tens digit of n?
5
Suppose 8*s + 75 = 11*s. Let f = 53 - s. What is the units digit of f?
8
Suppose -2*w + 5 = 3*z, 0 = w + 4*w + 3*z - 8. Let d(v) = 13*v**2 + 2*v - 2. What is the tens digit of d(w)?
1
Let t(a) = -5*a - 12. Let s be t(-10). Suppose 3*m + 134 - s = 0. Let w = 5 - m. What is the units digit of w?
7
Suppose -26*p + 41797 = -34071. What is the tens digit of p?
1
Let i(f) = -f**3 + 15*f**2 + 14*f + 35. Let u be i(16). Suppose 401 = 5*j - 2*r + u*r, -j + 77 = -3*r. What is the tens digit of j?
8
Suppose 0 = 4*y - 9*i + 7*i - 1366, 2*y + 4*i = 708. What is the tens digit of y?
4
Let i = -58 + 58. Suppose -3*z - z + 608 = i. What is the tens digit of z?
5
Let l = 11 + -1. Suppose 0 = 5*d - l, 4*h + d + 2*d = 154. Suppose 111 = 3*a + 4*w, -3*a + 3*w - h = -4*a. What is the tens digit of a?
3
Let x be (24/(-8))/(2/(-20)). Suppose -9*a = -4*a + x. What is the tens digit of (124/(-6))/(4/a)?
3
Let a(h) = 3*h + 5. What is the units digit of a(9)?
2
Let w(c) = -31*c. Let s(d) = -d**3 - 7*d**2 - 8*d - 14. Let h be 1 + -2 - 3 - 2. Let a be s(h). What is the tens digit of w(a)?
6
Let w be 2/9 + 2 + (-1855)/45. Let s = 2 - w. What is the tens digit of s?
4
Suppose -3*f + u - 4*u = -6, -19 = -2*f + 3*u. Suppose f*y - 148 = -4*h + y, -146 = -4*h - 3*y. What is the tens digit of h?
3
Suppose w + 4*w + 405 = 0. Let j = 203 + w. What is the units digit of j?
2
Suppose -2*c + 10 - 23 = -l, l - 18 = 3*c. Suppose l*w = 2*u - 145, -w - 53 = -2*u + 102. What is the tens digit of u?
8
Let o(g) = -2*g - 10. Let v(c) = -2*c - 11. Let w(y) = -5*o(y) + 4*v(y). Suppose -4*x - 11 + 1 = 2*d, 0 = -2*d - 3*x - 6. What is the units digit of w(d)?
2
Let s = 3402 - 1511. What is the units digit of s?
1
Suppose -2*f + 68 - 3069 = -h, 0 = -h - 5*f + 3001. What is the tens digit of h?
0
Suppose -5*s - 141 = 2*b - 433, 0 = 5*b + 3*s - 692. Suppose -2*g + 6*g - b = 0. What is the units digit of g?
4
Let w(n) = n**2 + 6*n - 2. What is the units digit of w(-7)?
5
Suppose -4746 = -8*m + 2102. What is the units digit of m?
6
Let r(h) = 16*h**2 - 5*h - 151. What is the hundreds digit of r(-15)?
5
Let h(i) = -i**3 - 54*i + 454. What is the units digit of h(0)?
4
Suppose -21*v + 16*v = 0. Suppose v*q = -q - 70. Let z = -49 - q. What is the tens digit of z?
2
Let w be 606*((-7)/28)/((-1)/10). What is the hundreds digit of (6/9)/(5/w)?
2
Let d be 0/1 + 3 - 2. What is the units digit of d - (-3 + (-156)/3)?
6
Let a(z) = z**3 - 3*z**2 - 2*z + 2. Let r be a(2). Let s(m) = m**2 - m - 7. Let w be s(r). Suppose 2*p + w = 7*p. What is the units digit of p?
7
Suppose 0 =